{"id":2897,"date":"2018-01-08T13:34:49","date_gmt":"2018-01-08T12:34:49","guid":{"rendered":"http:\/\/jacnux-server\/?page_id=2897"},"modified":"2019-10-20T05:49:34","modified_gmt":"2019-10-20T04:49:34","slug":"randonnee","status":"publish","type":"page","link":"https:\/\/www.rers-staubindemedoc.fr\/?page_id=2897","title":{"rendered":"Atelier \u00ab\u00a0randonn\u00e9es d\u00e9couvertes ou culturelles\u00a0\u00bb"},"content":{"rendered":"<div>&nbsp;<a href=\"http:\/\/rers-staubindemedoc.fr\/?attachment_id=2955\" rel=\"attachment wp-att-2955\"><img loading=\"lazy\" decoding=\"async\" class=\"size-medium wp-image-2955 aligncenter\" src=\"http:\/\/rers-staubindemedoc.fr\/wp-content\/uploads\/2018\/01\/photo_rando-300x225.jpeg\" alt=\"\" width=\"300\" height=\"225\" srcset=\"https:\/\/www.rers-staubindemedoc.fr\/wp-content\/uploads\/2018\/01\/photo_rando-300x225.jpeg 300w, https:\/\/www.rers-staubindemedoc.fr\/wp-content\/uploads\/2018\/01\/photo_rando.jpeg 640w\" sizes=\"auto, (max-width: 300px) 100vw, 300px\" \/><\/a><\/div>\n<div>&nbsp;<\/div>\n<p><span style=\"font-size: x-large;\">&nbsp;<\/span><\/p>\n<p>Nous vous proposons des randonn\u00e9es d\u00e9couvertes ou culturelles deux fois par trimestre, le dimanche (en g\u00e9n\u00e9ral). Nous partirons \u00e0 chaque sortie en co-voiturage pour la journ\u00e9e avec le pique-nique dans le sac, et effectuerons des boucles de 12 kms environ.&nbsp;<\/p>\n<p>Ces sorties seront ouvertes sur inscription, vous serez inform\u00e9s par mail du programme et des particularit\u00e9s du parcours propos\u00e9.&nbsp;<\/p>\n<p>Si vous aimez marcher et d\u00e9couvrir nos beaux paysages girondins, n\u2019h\u00e9sitez pas \u00e0 venir nous rejoindre&nbsp;!<\/p>\n<p>Nous vous attendons nombreux&nbsp;pour&nbsp;participer \u00e0 ces journ\u00e9es conviviales !<\/p>\n<p><b>Chantal Couturier &nbsp;<\/b>&nbsp;&nbsp;&nbsp;&nbsp;&nbsp;&nbsp;&nbsp;&nbsp;&nbsp;&nbsp;&nbsp;&nbsp;&nbsp;&nbsp;&nbsp;&nbsp;&nbsp;&nbsp;&nbsp;&nbsp;&nbsp;&nbsp;&nbsp;&nbsp;&nbsp;&nbsp;&nbsp;&nbsp;&nbsp;<wbr>&nbsp;&nbsp;&nbsp;&nbsp;&nbsp;&nbsp;&nbsp;&nbsp;&nbsp;&nbsp;<b> Dani\u00e8le et Jean Jacques Dufour<\/b><\/p>\n<div><u><\/u>&nbsp;<\/div>\n","protected":false},"excerpt":{"rendered":"<p>&nbsp; &nbsp; &nbsp; Nous vous proposons des randonn\u00e9es d\u00e9couvertes ou culturelles deux fois par trimestre, le dimanche (en g\u00e9n\u00e9ral). Nous partirons \u00e0 chaque sortie en co-voiturage pour la journ\u00e9e avec le pique-nique dans le sac, et effectuerons des boucles de 12 kms environ.&nbsp; Ces sorties seront ouvertes sur inscription, vous serez inform\u00e9s par mail du [&hellip;]<\/p>\n","protected":false},"author":2,"featured_media":0,"parent":0,"menu_order":0,"comment_status":"closed","ping_status":"closed","template":"","meta":{"ngg_post_thumbnail":0,"footnotes":"","_links_to":"","_links_to_target":""},"class_list":["post-2897","page","type-page","status-publish","hentry"],"_links":{"self":[{"href":"https:\/\/www.rers-staubindemedoc.fr\/index.php?rest_route=\/wp\/v2\/pages\/2897","targetHints":{"allow":["GET"]}}],"collection":[{"href":"https:\/\/www.rers-staubindemedoc.fr\/index.php?rest_route=\/wp\/v2\/pages"}],"about":[{"href":"https:\/\/www.rers-staubindemedoc.fr\/index.php?rest_route=\/wp\/v2\/types\/page"}],"author":[{"embeddable":true,"href":"https:\/\/www.rers-staubindemedoc.fr\/index.php?rest_route=\/wp\/v2\/users\/2"}],"replies":[{"embeddable":true,"href":"https:\/\/www.rers-staubindemedoc.fr\/index.php?rest_route=%2Fwp%2Fv2%2Fcomments&post=2897"}],"version-history":[{"count":7,"href":"https:\/\/www.rers-staubindemedoc.fr\/index.php?rest_route=\/wp\/v2\/pages\/2897\/revisions"}],"predecessor-version":[{"id":3710,"href":"https:\/\/www.rers-staubindemedoc.fr\/index.php?rest_route=\/wp\/v2\/pages\/2897\/revisions\/3710"}],"wp:attachment":[{"href":"https:\/\/www.rers-staubindemedoc.fr\/index.php?rest_route=%2Fwp%2Fv2%2Fmedia&parent=2897"}],"curies":[{"name":"wp","href":"https:\/\/api.w.org\/{rel}","templated":true}]}}

Atelier « randonnées découvertes ou culturelles »

<div>&nbsp;<a href="http://rers-staubindemedoc.fr/?attachment_id=2955" rel="attachment wp-att-2955"><img loading="lazy" decoding="async" class="size-medium wp-image-2955 aligncenter" src="http://rers-staubindemedoc.fr/wp-content/uploads/2018/01/photo_rando-300x225.jpeg" alt="" width="300" height="225" srcset="https://www.rers-staubindemedoc.fr/wp-content/uploads/2018/01/photo_rando-300x225.jpeg 300w, https://www.rers-staubindemedoc.fr/wp-content/uploads/2018/01/photo_rando.jpeg 640w" sizes="auto, (max-width: 300px) 100vw, 300px" /></a></div>
<div>&nbsp;</div>
<p><span style="font-size: x-large;">&nbsp;</span></p>
<p>Nous vous proposons des randonnées découvertes ou culturelles deux fois par trimestre, le dimanche (en général). Nous partirons à chaque sortie en co-voiturage pour la journée avec le pique-nique dans le sac, et effectuerons des boucles de 12 kms environ.&nbsp;</p>
<p>Ces sorties seront ouvertes sur inscription, vous serez informés par mail du programme et des particularités du parcours proposé.&nbsp;</p>
<p>Si vous aimez marcher et découvrir nos beaux paysages girondins, n’hésitez pas à venir nous rejoindre&nbsp;!</p>
<p>Nous vous attendons nombreux&nbsp;pour&nbsp;participer à ces journées conviviales !</p>
<p><b>Chantal Couturier &nbsp;</b>&nbsp;&nbsp;&nbsp;&nbsp;&nbsp;&nbsp;&nbsp;&nbsp;&nbsp;&nbsp;&nbsp;&nbsp;&nbsp;&nbsp;&nbsp;&nbsp;&nbsp;&nbsp;&nbsp;&nbsp;&nbsp;&nbsp;&nbsp;&nbsp;&nbsp;&nbsp;&nbsp;&nbsp;&nbsp;<wbr>&nbsp;&nbsp;&nbsp;&nbsp;&nbsp;&nbsp;&nbsp;&nbsp;&nbsp;&nbsp;<b> Danièle et Jean Jacques Dufour</b></p>
<div><u></u>&nbsp;</div>

<p>&nbsp; &nbsp; &nbsp; Nous vous proposons des randonnées découvertes ou culturelles deux fois par trimestre, le dimanche (en général). Nous partirons à chaque sortie en co-voiturage pour la journée avec le pique-nique dans le sac, et effectuerons des boucles de 12 kms environ.&nbsp; Ces sorties seront ouvertes sur inscription, vous serez informés par mail du [&hellip;]</p>
