{"id":345,"date":"2014-01-10T22:42:06","date_gmt":"2014-01-10T21:42:06","guid":{"rendered":"http:\/\/jacnux-server\/?page_id=345"},"modified":"2014-01-11T22:41:35","modified_gmt":"2014-01-11T21:41:35","slug":"comment-creer-une-page","status":"publish","type":"page","link":"https:\/\/www.rers-staubindemedoc.fr\/?page_id=345","title":{"rendered":"Comment cr\u00e9er une page &#8230;."},"content":{"rendered":"<table border=\"2\">\n<tbody>\n<tr>\n<td>Qui?<\/td>\n<td>Pour cr\u00e9er une page il faut \u00eatre enregistr\u00e9 comme<strong>\u00a0utilisateur<\/strong>\u00a0du blog.<\/td>\n<\/tr>\n<tr>\n<td>Comment?<\/td>\n<td><\/td>\n<\/tr>\n<tr>\n<td>La page est visible quand ?<\/td>\n<td><\/td>\n<\/tr>\n<\/tbody>\n<\/table>\n","protected":false},"excerpt":{"rendered":"<p>Qui? Pour cr\u00e9er une page il faut \u00eatre enregistr\u00e9 comme\u00a0utilisateur\u00a0du blog. Comment? La page est visible quand ?<\/p>\n","protected":false},"author":2,"featured_media":0,"parent":0,"menu_order":0,"comment_status":"open","ping_status":"open","template":"","meta":{"ngg_post_thumbnail":0,"footnotes":"","_links_to":"","_links_to_target":""},"class_list":["post-345","page","type-page","status-publish","hentry"],"_links":{"self":[{"href":"https:\/\/www.rers-staubindemedoc.fr\/index.php?rest_route=\/wp\/v2\/pages\/345","targetHints":{"allow":["GET"]}}],"collection":[{"href":"https:\/\/www.rers-staubindemedoc.fr\/index.php?rest_route=\/wp\/v2\/pages"}],"about":[{"href":"https:\/\/www.rers-staubindemedoc.fr\/index.php?rest_route=\/wp\/v2\/types\/page"}],"author":[{"embeddable":true,"href":"https:\/\/www.rers-staubindemedoc.fr\/index.php?rest_route=\/wp\/v2\/users\/2"}],"replies":[{"embeddable":true,"href":"https:\/\/www.rers-staubindemedoc.fr\/index.php?rest_route=%2Fwp%2Fv2%2Fcomments&post=345"}],"version-history":[{"count":4,"href":"https:\/\/www.rers-staubindemedoc.fr\/index.php?rest_route=\/wp\/v2\/pages\/345\/revisions"}],"predecessor-version":[{"id":415,"href":"https:\/\/www.rers-staubindemedoc.fr\/index.php?rest_route=\/wp\/v2\/pages\/345\/revisions\/415"}],"wp:attachment":[{"href":"https:\/\/www.rers-staubindemedoc.fr\/index.php?rest_route=%2Fwp%2Fv2%2Fmedia&parent=345"}],"curies":[{"name":"wp","href":"https:\/\/api.w.org\/{rel}","templated":true}]}}