{"id":3970,"date":"2020-04-20T13:10:51","date_gmt":"2020-04-20T12:10:51","guid":{"rendered":"http:\/\/jacnux-server\/?page_id=3970"},"modified":"2020-10-15T10:32:14","modified_gmt":"2020-10-15T09:32:14","slug":"atelier-peinture","status":"publish","type":"page","link":"https:\/\/www.rers-staubindemedoc.fr\/?page_id=3970","title":{"rendered":"Atelier Peinture"},"content":{"rendered":"<p>Christine L. vous propose :<br \/>\nPour occuper et faire progresser les participants de l\u2019Atelier Peinture je leur ai propos\u00e9, un exercice pictural particulier : La copie d\u2019une oeuvre connue.<br \/>\n\u00ab Lorsque quelque chose a \u00e9t\u00e9 dit et bien dit, n&rsquo;aie pas de scrupules. Prends-le et copie-le.\u00a0\u00bb nous dit Mark Twain (Acteur, Artiste, Comique, \u00e9crivain (1835 &#8211; 1910)<br \/>\nLe but de la copie :<br \/>\n&#8211; am\u00e9liorer sa technique picturale, sa compr\u00e9hension et son analyse de l\u2019image, d\u2019un tableau dans ce cas.<br \/>\nCopier les tableaux de grands artistes est une m\u00e9thode d\u2019apprentissage ancestrale. En \u00e9tudiant l\u2019Histoire de l\u2019Art, on r\u00e9alise que tous les Grands Ma\u00eetres de la Peinture ont commenc\u00e9 par copier leurs pr\u00e9d\u00e9cesseurs avant de d\u00e9velopper leur propre style, m\u00eame si \u00e7a peut para\u00eetre contradictoire !\u2028Il existe plusieurs sortes de copies :<br \/>\nLes vraies, les v\u00e9ritables, celles r\u00e9alis\u00e9es par des peintres copistes, souvent professionnels, qui reprennent les m\u00eames mat\u00e9riaux que l\u2019oeuvre d\u2019origine, se renseignent sur la technique pr\u00e9cise de l\u2019artiste qu\u2019ils vont copier, et se rendent dans les Mus\u00e9es pour travailler en vis-\u00e0-vis avec l\u2019original. Cela leur permet de reproduire fid\u00e8lement tous les aspects du tableau qu\u2019ils copient : dessin, couleurs, texture, \u00e9paisseur, coups de pinceaux etc.\u2028Les copies \u201cd\u2019amateurs\u201d, qui reproduisent des oeuvres pour en retirer un apprentissage. C\u2019est a priori notre cas. L\u2019objectif est dans ce cas de s\u2019approcher au plus pr\u00e8s de l\u2019oeuvre originale, mais avec les moyens \u00e0 notre disposition. Le travail est r\u00e9alis\u00e9 d\u2019apr\u00e8s photo donc les couleurs ne peuvent \u00eatre tout \u00e0 fait identiques au mod\u00e8le original, l\u2019\u00e9paisseur de la peinture et les coups de pinceau non plus m\u00eame si la photo est de tr\u00e8s bonne qualit\u00e9 ! Mais le but du travail est davantage de comprendre les proc\u00e9d\u00e9s employ\u00e9s par l\u2019artiste pour parvenir au r\u00e9sultat.<br \/>\nQuels sont les b\u00e9n\u00e9fices de la copie de tableau ?<br \/>\nD\u00e9velopper son sens de l\u2019observation. Copier c\u2019est avant tout observer tr\u00e8s attentivement son mod\u00e8le sous tous ses aspects pour le reproduire au mieux: dessin, couleurs, contrastes, d\u00e9tails\u2026\u2028Comprendre que la r\u00e9alisation d\u2019un chef-d\u2019oeuvre n\u00e9cessite du temps, et un soin apport\u00e9 jusque dans les moindres d\u00e9tails.\u2028D\u00e9couvrir comment un artiste a interpr\u00e9t\u00e9 tel ou tel aspect de son mod\u00e8le ou s\u2019est sorti d\u2019une difficult\u00e9.\u2028Ma\u00eetriser les m\u00e9langes de couleurs, car la copie n\u00e9cessite de trouver une couleur bien pr\u00e9cise, d\u00e9j\u00e0 d\u00e9termin\u00e9e par le mod\u00e8le.\u2028Apprendre \u00e0 mener une r\u00e9flexion sur la d\u00e9marche \u00e0 effectuer pour parvenir \u00e0 tel ou tel effet, ce qui aboutit \u00e0 une progression technique. Par la simple vision du tableau d\u2019un grand artiste, on ne peut acqu\u00e9rir de nouvelles comp\u00e9tences et comprendre comment il est arriv\u00e9 \u00e0 ce rendu.\u2028Faire \u00e9voluer son propre style en s\u2019impr\u00e9gnant et s\u2019inspirant en pratique du travail des autres. Il s\u2019agit d\u2019int\u00e9grer plusieurs exp\u00e9riences diff\u00e9rentes, et de laisser sa personnalit\u00e9 s\u2019en servir comme tremplin pour enrichir sa propre touche.\u2028Faire l\u2019exp\u00e9rience d\u2019une pratique \u00e9volu\u00e9e de la peinture, celle d\u2019un artiste accompli, avant d\u2019avoir sa propre approche, et sans la contrainte du contenu original.<br \/>\nLes ma\u00eetres mots de la copie de tableau :<br \/>\nOrganiser son travail par \u00e9tapes pr\u00e9cises : r\u00e9aliser le fond, mettre en place les contrastes, les plages de couleurs et finir par les d\u00e9tails.\u2028Aller de l\u2019avant et continuer m\u00eame si on n\u2019est pas satisfait du r\u00e9sultat jusqu\u2019\u00e0 pr\u00e9sent.\u2028Progresser sur l\u2019ensemble de sa toile de mani\u00e8re homog\u00e8ne, et ne pas se noyer dans des d\u00e9tails en d\u00e9laissant tout le reste du tableau !\u2028Garder en t\u00eate que notre copie a un objectif d\u2019apprentissage, et ne pas y passer trop de temps pour chercher un r\u00e9sultat parfait. Des diff\u00e9rences, il y en aura toujours !<br \/>\nVoil\u00e0 les tableaux que je leur ai propos\u00e9 :<br \/>\nKandinsky, Dubois-Pillet, Leger, Turner, Monet, C\u00e9zanne, Van Gogh, Matisse, Metzinger<\/p>\n<p><a href=\"http:\/\/rers-staubindemedoc.fr\/?attachment_id=3972#main\" rel=\"attachment wp-att-3972\"><img loading=\"lazy\" decoding=\"async\" class=\"size-medium wp-image-3972 aligncenter\" src=\"http:\/\/rers-staubindemedoc.fr\/wp-content\/uploads\/2020\/04\/pastedGraphic-1-300x209.png\" alt=\"\" width=\"300\" height=\"209\" srcset=\"https:\/\/www.rers-staubindemedoc.fr\/wp-content\/uploads\/2020\/04\/pastedGraphic-1-300x209.png 300w, https:\/\/www.rers-staubindemedoc.fr\/wp-content\/uploads\/2020\/04\/pastedGraphic-1.png 482w\" sizes=\"auto, (max-width: 300px) 100vw, 300px\" \/><\/a><\/p>\n<p>Nouveaut\u00e9s 2020 : <span style=\"color: #0000ff;\"><a style=\"color: #0000ff;\" href=\"http:\/\/rers-staubindemedoc.fr\/?page_id=4245&amp;preview=true\">D\u00e9couvrons un tableau<\/a><\/span><\/p>\n","protected":false},"excerpt":{"rendered":"<p>Christine L. vous propose : Pour occuper et faire progresser les participants de l\u2019Atelier Peinture je leur ai propos\u00e9, un exercice pictural particulier : La copie d\u2019une oeuvre connue. \u00ab Lorsque quelque chose a \u00e9t\u00e9 dit et bien dit, n&rsquo;aie pas de scrupules. Prends-le et copie-le.\u00a0\u00bb nous dit Mark Twain (Acteur, Artiste, Comique, \u00e9crivain (1835 [&hellip;]<\/p>\n","protected":false},"author":2,"featured_media":0,"parent":0,"menu_order":0,"comment_status":"open","ping_status":"closed","template":"","meta":{"ngg_post_thumbnail":0,"footnotes":"","_links_to":"","_links_to_target":""},"class_list":["post-3970","page","type-page","status-publish","hentry"],"_links":{"self":[{"href":"https:\/\/www.rers-staubindemedoc.fr\/index.php?rest_route=\/wp\/v2\/pages\/3970","targetHints":{"allow":["GET"]}}],"collection":[{"href":"https:\/\/www.rers-staubindemedoc.fr\/index.php?rest_route=\/wp\/v2\/pages"}],"about":[{"href":"https:\/\/www.rers-staubindemedoc.fr\/index.php?rest_route=\/wp\/v2\/types\/page"}],"author":[{"embeddable":true,"href":"https:\/\/www.rers-staubindemedoc.fr\/index.php?rest_route=\/wp\/v2\/users\/2"}],"replies":[{"embeddable":true,"href":"https:\/\/www.rers-staubindemedoc.fr\/index.php?rest_route=%2Fwp%2Fv2%2Fcomments&post=3970"}],"version-history":[{"count":4,"href":"https:\/\/www.rers-staubindemedoc.fr\/index.php?rest_route=\/wp\/v2\/pages\/3970\/revisions"}],"predecessor-version":[{"id":4514,"href":"https:\/\/www.rers-staubindemedoc.fr\/index.php?rest_route=\/wp\/v2\/pages\/3970\/revisions\/4514"}],"wp:attachment":[{"href":"https:\/\/www.rers-staubindemedoc.fr\/index.php?rest_route=%2Fwp%2Fv2%2Fmedia&parent=3970"}],"curies":[{"name":"wp","href":"https:\/\/api.w.org\/{rel}","templated":true}]}}