{"id":4672,"date":"2021-10-25T21:19:41","date_gmt":"2021-10-25T20:19:41","guid":{"rendered":"http:\/\/www.rers-staubindemedoc.fr\/?page_id=4672"},"modified":"2021-10-25T21:19:41","modified_gmt":"2021-10-25T20:19:41","slug":"conversation-anglaise","status":"publish","type":"page","link":"https:\/\/www.rers-staubindemedoc.fr\/?page_id=4672","title":{"rendered":"Conversation Anglaise"},"content":{"rendered":"\n<p>&nbsp;<\/p>\n<p>Comment passer un moment agr\u00e9able et progresser en anglais&nbsp;?&nbsp;<\/p>\n<p>Il suffit de converser dans la langue de Shakespeare, dans une ambiance amicale et bienveillante tous les jeudis matin&nbsp;: cuisine, voyage, culture, litt\u00e9rature, cin\u00e9ma,&nbsp; actualit\u00e9s\u2026.tous les sujets sont abord\u00e9s, comment\u00e9s en toute simplicit\u00e9, \u00e0 partir de documents ou exp\u00e9riences personnelles&nbsp;<\/p>\n<p><strong><em>Une volont\u00e9 commune<\/em><\/strong>&nbsp;: enrichir le savoir de chacun, en vocabulaire et syntaxe anglaise.&nbsp;&nbsp;<\/p>\n<p><em><strong>Un seul moyen<\/strong>&nbsp;:<\/em>&nbsp;oser parler et permettre \u00e0 tous de s\u2019exprimer<\/p>\n<p><strong><em>Une philosophie commune<\/em><\/strong>&nbsp;: les erreurs de chacun sont sources d\u2019apprentissage pour tous.<\/p>\n<p>&nbsp;<\/p>\n<p>How to spend a pleasant moment and progress in English?<br>Simply converse in the language of Shakespeare, in a friendly and benevolent atmosphere every Thursday morning: cooking, travel, culture, literature, cinema, news &#8230;. all subjects are discussed, commented with ease, from documents or personal experiences<br><strong><em>A common will<\/em><\/strong>: to enrich the knowledge of each one, in vocabulary and English syntax.<br><em><strong>One way<\/strong>:<\/em>&nbsp;to dare to speak and to allow everyone to express themselves<br><strong><em>A common philosophy<\/em><\/strong>: the mistakes of everyone are sources of learning for all..<\/p>\n<p>&nbsp;<\/p>\n","protected":false},"excerpt":{"rendered":"","protected":false},"author":2,"featured_media":0,"parent":0,"menu_order":0,"comment_status":"closed","ping_status":"closed","template":"","meta":{"ngg_post_thumbnail":0,"footnotes":"","_links_to":"","_links_to_target":""},"class_list":["post-4672","page","type-page","status-publish","hentry"],"_links":{"self":[{"href":"https:\/\/www.rers-staubindemedoc.fr\/index.php?rest_route=\/wp\/v2\/pages\/4672","targetHints":{"allow":["GET"]}}],"collection":[{"href":"https:\/\/www.rers-staubindemedoc.fr\/index.php?rest_route=\/wp\/v2\/pages"}],"about":[{"href":"https:\/\/www.rers-staubindemedoc.fr\/index.php?rest_route=\/wp\/v2\/types\/page"}],"author":[{"embeddable":true,"href":"https:\/\/www.rers-staubindemedoc.fr\/index.php?rest_route=\/wp\/v2\/users\/2"}],"replies":[{"embeddable":true,"href":"https:\/\/www.rers-staubindemedoc.fr\/index.php?rest_route=%2Fwp%2Fv2%2Fcomments&post=4672"}],"version-history":[{"count":1,"href":"https:\/\/www.rers-staubindemedoc.fr\/index.php?rest_route=\/wp\/v2\/pages\/4672\/revisions"}],"predecessor-version":[{"id":4673,"href":"https:\/\/www.rers-staubindemedoc.fr\/index.php?rest_route=\/wp\/v2\/pages\/4672\/revisions\/4673"}],"wp:attachment":[{"href":"https:\/\/www.rers-staubindemedoc.fr\/index.php?rest_route=%2Fwp%2Fv2%2Fmedia&parent=4672"}],"curies":[{"name":"wp","href":"https:\/\/api.w.org\/{rel}","templated":true}]}}