{"id":64,"date":"2013-12-15T21:52:53","date_gmt":"2013-12-15T20:52:53","guid":{"rendered":"http:\/\/192.241.142.236\/?page_id=64"},"modified":"2025-11-17T18:31:36","modified_gmt":"2025-11-17T17:31:36","slug":"espagnol","status":"publish","type":"page","link":"https:\/\/www.rers-staubindemedoc.fr\/?page_id=64","title":{"rendered":"L&rsquo;Espagnol Conversation"},"content":{"rendered":"<div>\n<div>\n<div>Hola !<\/div>\n<div>&nbsp;<\/div>\n<div>Nous sommes un petit groupe d\u2019amoureux de la langue de Cervant\u00e8s \u00e0 nous retrouver chaque semaine,<\/div>\n<div>&nbsp;<\/div>\n<div>Nous en profitons au cours de nos \u00ab\u00a0charlas\u00a0\u00bb pour converser donc, mais \u00e9galement pour faire un peu de grammaire, de conjugaison (eh oui, c\u2019est indispensable !), de lecture de textes, de visionnage de vid\u00e9os, etc.&nbsp; Notre but est de raviver nos connaissances en espagnol, le tout dans une ambiance conviviale, bien s\u00fbr !<\/div>\n<div>&nbsp;<\/div>\n<div>Si vous avez des notions d\u2019espagnol, n\u2019h\u00e9sitez pas \u00e0 venir nous rejoindre&nbsp;<strong>&nbsp;au bungalow de 14h30 \u00e0 16h00 !<\/strong><\/div>\n<div>&nbsp;<\/div>\n<div>Hasta luego !<\/div>\n<div>&nbsp;<\/div>\n<div>&nbsp;<\/div>\n<div>Chantal Couturier&nbsp;<\/div>\n<\/div>\n<\/div>\n<div>&nbsp;<\/div>\n<div>&nbsp;<\/div>\n<div>&nbsp;<\/div>\n<div>&nbsp;<\/div>\n","protected":false},"excerpt":{"rendered":"<p>Hola ! &nbsp; Nous sommes un petit groupe d\u2019amoureux de la langue de Cervant\u00e8s \u00e0 nous retrouver chaque semaine, &nbsp; Nous en profitons au cours de nos \u00ab\u00a0charlas\u00a0\u00bb pour converser donc, mais \u00e9galement pour faire un peu de grammaire, de conjugaison (eh oui, c\u2019est indispensable !), de lecture de textes, de visionnage de vid\u00e9os, etc.&nbsp; [&hellip;]<\/p>\n","protected":false},"author":2,"featured_media":0,"parent":0,"menu_order":0,"comment_status":"open","ping_status":"open","template":"","meta":{"ngg_post_thumbnail":0,"footnotes":"","_links_to":"","_links_to_target":""},"class_list":["post-64","page","type-page","status-publish","hentry"],"_links":{"self":[{"href":"https:\/\/www.rers-staubindemedoc.fr\/index.php?rest_route=\/wp\/v2\/pages\/64","targetHints":{"allow":["GET"]}}],"collection":[{"href":"https:\/\/www.rers-staubindemedoc.fr\/index.php?rest_route=\/wp\/v2\/pages"}],"about":[{"href":"https:\/\/www.rers-staubindemedoc.fr\/index.php?rest_route=\/wp\/v2\/types\/page"}],"author":[{"embeddable":true,"href":"https:\/\/www.rers-staubindemedoc.fr\/index.php?rest_route=\/wp\/v2\/users\/2"}],"replies":[{"embeddable":true,"href":"https:\/\/www.rers-staubindemedoc.fr\/index.php?rest_route=%2Fwp%2Fv2%2Fcomments&post=64"}],"version-history":[{"count":10,"href":"https:\/\/www.rers-staubindemedoc.fr\/index.php?rest_route=\/wp\/v2\/pages\/64\/revisions"}],"predecessor-version":[{"id":6127,"href":"https:\/\/www.rers-staubindemedoc.fr\/index.php?rest_route=\/wp\/v2\/pages\/64\/revisions\/6127"}],"wp:attachment":[{"href":"https:\/\/www.rers-staubindemedoc.fr\/index.php?rest_route=%2Fwp%2Fv2%2Fmedia&parent=64"}],"curies":[{"name":"wp","href":"https:\/\/api.w.org\/{rel}","templated":true}]}}